t common factor of 30728 and 536?
8
Calculate the greatest common factor of 47680 and 77264.
16
Calculate the highest common divisor of 90780 and 14892.
204
Calculate the highest common divisor of 1048 and 77768.
8
Calculate the highest common factor of 104427 and 1432458.
369
Calculate the highest common factor of 507 and 3518186061.
507
Calculate the highest common divisor of 44476260 and 955.
955
Calculate the highest common factor of 22 and 14323144.
22
Calculate the highest common factor of 518294 and 56.
14
Calculate the highest common factor of 60 and 6461550.
30
Calculate the highest common factor of 31444 and 255444.
28
What is the greatest common factor of 6394628 and 776?
388
What is the highest common factor of 8670 and 49196470?
2890
Calculate the greatest common factor of 13234 and 2755726.
1018
What is the highest common divisor of 27660 and 517387215?
6915
Calculate the highest common divisor of 10286483 and 157.
157
What is the highest common factor of 8246600 and 120?
40
Calculate the highest common factor of 130 and 6243016.
26
Calculate the greatest common factor of 59881978 and 39.
13
What is the highest common factor of 12402610 and 3080?
110
What is the highest common factor of 116352 and 396?
36
Calculate the highest common divisor of 5542 and 2176.
34
Calculate the highest common divisor of 34818775 and 1025.
25
Calculate the greatest common factor of 14160 and 215055.
885
What is the highest common divisor of 318885 and 2235?
15
What is the greatest common factor of 1009404188 and 26?
26
What is the greatest common divisor of 64365 and 13251?
21
Calculate the highest common divisor of 35 and 453264630.
35
Calculate the greatest common factor of 10683 and 985059.
9
Calculate the highest common factor of 1536 and 590593024.
512
What is the greatest common factor of 5076881 and 38184?
1591
What is the greatest common divisor of 3699250 and 12875?
125
What is the highest common factor of 107 and 40099427?
107
Calculate the greatest common divisor of 772065 and 1292.
19
Calculate the highest common divisor of 31 and 20113451.
31
Calculate the greatest common divisor of 41 and 43025933.
41
What is the greatest common divisor of 632592 and 61884?
6876
Calculate the highest common factor of 1818 and 15251.
101
Calculate the greatest common divisor of 125852070 and 12.
6
What is the highest common divisor of 828 and 140661?
9
What is the highest common factor of 159 and 2027992?
53
Calculate the greatest common divisor of 490383 and 1775853.
4761
What is the highest common divisor of 1271 and 47036102?
41
Calculate the highest common divisor of 35791019 and 1705.
341
Calculate the highest common divisor of 3318 and 160628646.
474
What is the greatest common divisor of 6988864 and 128?
64
Calculate the greatest common divisor of 1208255280 and 1360.
1360
Calculate the greatest common divisor of 3069689 and 560.
7
What is the highest common divisor of 154 and 263986426?
22
What is the highest common factor of 17946 and 108750766?
1994
Calculate the greatest common factor of 6376 and 8152.
8
Calculate the highest common divisor of 3596346 and 4563.
351
What is the greatest common factor of 10775 and 30215255?
2155
What is the highest common divisor of 79567320 and 840?
840
Calculate the greatest common factor of 26310 and 10650.
30
What is the greatest common factor of 7 and 896016961?
7
What is the greatest common divisor of 25032 and 2098?
2
What is the greatest common divisor of 1631 and 116086891?
233
Calculate the greatest common factor of 138 and 2372680.
46
What is the highest common divisor of 3330 and 7414800?
1110
Calculate the highest common factor of 104794877 and 253.
253
Calculate the highest common factor of 130 and 447915.
65
What is the highest common divisor of 340561 and 472082?
871
Calculate the highest common factor of 490072 and 9988.
44
What is the highest common factor of 33803468 and 196236?
7268
Calculate the greatest common divisor of 4351090 and 30.
10
Calculate the greatest common divisor of 1616 and 6616699072.
1616
What is the greatest common divisor of 2982 and 1290354?
426
What is the greatest common divisor of 614417635 and 1508?
377
Calculate the greatest common factor of 3403988 and 126.
14
Calculate the highest common factor of 61275 and 18667500.
1425
What is the highest common factor of 2343206 and 334?
2
What is the greatest common divisor of 1983 and 1416?
3
Calculate the highest common divisor of 102985400 and 2800.
1400
What is the greatest common divisor of 1594845033 and 3687?
3687
What is the greatest common divisor of 704977 and 11648?
91
Calculate the greatest common divisor of 4990 and 333170.
10
What is the greatest common factor of 571530 and 120?
30
What is the greatest common factor of 12244500 and 99?
9
What is the greatest common divisor of 36896948 and 891?
11
Calculate the highest common factor of 124674 and 1474.
22
What is the greatest common factor of 189500 and 18500?
500
What is the greatest common divisor of 141919862 and 28?
14
Calculate the highest common divisor of 16721562 and 3432.
858
What is the greatest common factor of 1344 and 6295800?
168
Calculate the greatest common factor of 2453346 and 154.
14
What is the highest common divisor of 3016 and 13149528?
232
What is the highest common factor of 183900 and 20275?
25
What is the highest common factor of 1778705132 and 5008?
1252
Calculate the highest common factor of 2213 and 1210460101.
2213
Calculate the greatest common factor of 175505 and 18205.
55
Calculate the highest common factor of 11745 and 27721935.
45
Calculate the highest common factor of 9643066 and 515.
103
Calculate the greatest common divisor of 19240 and 749028.
148
What is the highest common factor of 503684 and 28?
4
What is the greatest common factor of 9936972 and 180?
36
Calculate the highest common divisor of 2397642 and 6136.
1534
Calculate the greatest common factor of 242 and 230717597.
121
What is the greatest common factor of 657965 and 7420?
35
Calculate the greatest common divisor of 42570990 and 720.
90
What is the greatest common divisor of 7264228 and 368?
92
What is the greatest common divisor of 704 and 40408236?
44
Calculate the highest common factor of 21110 and 2993492995.
10555
Calculate the greatest common factor of 24355236 and 22902.
2082
What is the highest common factor of 4545917 and 326671?
3053
Calculate the greatest common divisor of 7844 and 11816468.
148
What is the highest common factor of 132375 and 337115?
1765
What is the highest common divisor of 1381705798 and 22?
22
Calculate the greatest common divisor of 78048863 and 337.
337
Calculate the greatest common divisor of 385125 and 69537.
39
What is the greatest common factor of 203442 and 8003706?
4962
Calculate the greatest common divisor of 18387 and 3841425.
81
What is the greatest common factor of 9314824 and 21608?
296
Calculate the highest common factor of 48081438 and 285606.
6642
Calculate the highest common divisor of 38114583 and 156.
39
Calculate the greatest common factor of 22392 and 109224.
72
Calculate the highest common divisor of 905 and 3247585.
5
Calculate the highest common factor of 92872670 and 1100.
110
Calculate the greatest common divisor of 198450 and 5440470.
1470
Calculate the highest common factor of 255029493 and 5666.
2833
Calculate the greatest common divisor of 62662 and 4289049.
1649
What is the highest common divisor of 111146 and 102578?
238
Calculate the highest common factor of 273 and 51536499.
21
What is the highest common divisor of 2338 and 7350602?
14
What is the greatest common factor of 41355317 and 265?
53
Calculate the greatest common divisor of 537484977 and 76.
19
Calculate the highest common factor of 102242 and 10854.
134
What is the greatest common factor of 1343054 and 2336?
146
What is the greatest common factor of 7839127 and 8324?
2081
What is the highest common divisor of 19938 and 4518?
6
What is the highest common divisor of 179136330 and 3527?
3527
Calculate the highest common divisor of 3195 and 306567705.
1065
What is the greatest common divisor of 2067033 and 1587?
69
What is the greatest common factor of 8322480 and 1200?
240
What is the highest common factor of 16228986 and 12?
6
Calcul